- u/(-1). What is the highest common divisor of 121 and y?
11
Suppose 0 = -3*l + 3*d + 27, -2*l - d = -2 - 4. Suppose l*t + 16 = 9*t. Let o(z) = -28*z. Let a be o(-1). Calculate the greatest common divisor of t and a.
4
Let a be (3/(-2))/((-1)/38). Let y(p) = 10*p + 8. Suppose 5*z - 18 = b, z - 2*z + 2*b = -9. Let x be y(z). What is the greatest common factor of x and a?
19
Let w = -458 + 490. What is the highest common factor of 544 and w?
32
Let l(u) = 3*u - 7. Let t be l(3). Let r(q) = 2*q**3 - 2*q**2 + 3*q - 1. Let f be r(t). What is the greatest common divisor of f and 39?
13
Suppose -4*d = -6*d - 4. Let i(b) = b**3 - 15*b**2 - 15*b + 8. Let j be i(16). Let a = j - d. Calculate the highest common factor of a and 39.
13
Suppose 0 = 4*g - 0*g. Suppose 15 = -3*l, -4*y + 0*l - 2*l + 350 = g. Suppose v = -5*v + y. Calculate the greatest common factor of 45 and v.
15
Let h be (-4)/18 + 19856/1224. Calculate the highest common divisor of 208 and h.
16
Suppose -15*c = -1823 - 577. Calculate the greatest common factor of c and 128.
32
Suppose 0 = l - 5 - 1. Suppose -l - 21 = -3*x. What is the highest common factor of x and 72?
9
Suppose 417 = -7*y + 466. What is the highest common factor of y and 329?
7
Suppose 3*w - w + 84 = m, 0 = -m - w + 93. What is the highest common divisor of 18 and m?
18
Let f(o) = o**3 - 14*o**2 + 12*o + 11. Let p be f(13). Let q be p - 10*(-15)/(-6). Let w be (q/(-1))/(1/4). What is the greatest common divisor of 12 and w?
12
Let h(w) = 5 + 0*w + 3 - 2*w. Suppose 573*j - 150 = 583*j. Let d be h(j). What is the greatest common factor of 152 and d?
38
Let s be -4*1*(-1 + -4). Let d be 115/s + 3/(-4). Suppose -240 = -d*n + 3*n. Calculate the highest common factor of n and 30.
30
Let f(r) = r**3 + r**2 - 6*r + 1. Let g be f(-3). Let o be g + 2 - 8 - -161. What is the greatest common factor of 26 and o?
26
Let o = 156 + -148. Suppose -454 = -o*v + 162. Calculate the highest common divisor of 44 and v.
11
Let j(c) = 18*c**3 + c**2 - c. Let b be j(1). What is the highest common divisor of b and 102?
6
Suppose l + 0*l - 43 = 2*b, -3*b + 189 = 5*l. Let m be ((-15)/20)/((-4)/2288). What is the highest common factor of l and m?
39
Suppose 0 = -0*p + p - 14. Let d(b) = 3*b**2 + 2*b + 35. Let i be d(0). What is the highest common divisor of p and i?
7
Let m be (-5)/(-15)*(-4 - -1). Let x be (-131)/(1 + -2) - m. Suppose 0 = -26*l + 23*l + x. Calculate the highest common divisor of 66 and l.
22
Suppose 9*v + 600 = 21*v. Calculate the highest common factor of 175 and v.
25
Suppose 0 = -7*b + 5*b + 72. Let h = 46 - b. What is the highest common divisor of h and 110?
10
Suppose -85 = -j + 5*u + 35, 0 = -j - 2*u + 113. What is the greatest common divisor of j and 15?
5
Let s be 34 + 0*(2 + -1). Let v(j) = 2*j**2 - 3*j - 10. Suppose 10*n = 3*n - 21. Let l be v(n). Calculate the greatest common factor of l and s.
17
Let f = 14 - 6. Let g = 15 + f. Calculate the highest common factor of g and 115.
23
Let b = 200 - 164. What is the highest common divisor of b and 24?
12
Let s = 93 - 183. Let o be ((-36)/5)/(6/s). Calculate the highest common factor of o and 12.
12
Suppose 4*a = u + 7*a - 90, -4*a - 355 = -5*u. Calculate the highest common divisor of u and 60.
15
Let v be (15/(-5) - 122)*2/(-10). What is the greatest common divisor of 1475 and v?
25
Suppose 0 = -5*c - 5*x + 175, -c + 5*x + 20 = -9. Suppose -2*k + 20 = 2*y, 2*y + k + c = 5*y. Calculate the highest common divisor of y and 11.
11
Let q = -11 + 16. Suppose -44 = -x + q*s, -5*x + 107 = -x + 3*s. Let r be 2414/17 - (3 - 6). What is the greatest common divisor of r and x?
29
Let j = 148 - 104. Calculate the greatest common divisor of j and 55.
11
Suppose -53*o = -52*o + z - 1, 0 = 2*o - 5*z - 37. Calculate the highest common divisor of 438 and o.
6
Let t(s) = 72*s + 8. Let u be t(2). Suppose -7*o + 3*o = -u. Calculate the highest common divisor of 2 and o.
2
Let n(q) = q**3 - 9*q**2 - q + 13. Let y be n(9). Suppose -y*j + 3*f = -3, -5*j + 21 = 2*f - 0. What is the greatest common factor of j and 27?
3
Let b(l) = -2*l**3 - 17*l**2 - 25*l - 17. Let i be b(-8). Calculate the highest common factor of i and 14.
7
Let a be 3/(-6)*(2 + -6). Let r(s) = s**2 - 11*s + 16. Let u be r(11). Suppose a*k - y - 12 = u, 3*y + 54 = 4*k. What is the highest common divisor of k and 6?
3
Let y(l) = 7*l**2 + 8*l. Let q(j) = -6*j**2 - 7*j. Let b(v) = 6*q(v) + 5*y(v). Let x be b(-5). Let s = -5 - x. Calculate the greatest common factor of s and 15.
5
Let d(m) = -2*m + 58. Let q be d(13). What is the greatest common divisor of q and 800?
32
Suppose 5*u + 5*m = -445, -2*u - m - 116 = 64. Let f be 6/10 - u/65. Calculate the greatest common factor of 2 and f.
2
Let r be (5 + (-45)/10)/(9/54). Let v(n) = n**2 - 3*n - 1. Let l be v(5). Calculate the greatest common divisor of l and r.
3
Let n be (-3*4)/(-4) + 21. Let z(w) = w**3 - 30*w**2 - w + 46. Let o be z(30). What is the highest common divisor of o and n?
8
Suppose 4*q + 706 = 2*g + 174, 0 = 5*g + 5*q - 1315. Let v be g/(-4)*(-3)/6. Let y = 99 - v. Calculate the highest common divisor of 22 and y.
22
Suppose 3*j = 3*u - 111, 0*u + 5*j = -5*u + 215. Let k = 54 - u. Let r be (154/6)/(5/30). Calculate the highest common factor of r and k.
14
Suppose -3*n + i + 7 = -0, 3*i = 4*n - 11. Suppose n*d + 0*z + 4*z - 286 = 0, 4*z = -3*d + 421. Calculate the highest common divisor of d and 15.
15
Suppose -126 = -p + 5*i + 6, 3*p = 2*i + 344. Calculate the greatest common divisor of p and 96.
16
Let b(n) = 20*n - 540. Let x be b(30). What is the greatest common factor of 252 and x?
12
Let h be ((-34)/(-8) + 1)/((-87)/(-10440)). Calculate the greatest common divisor of 14 and h.
14
Let i = -2 + 4. Suppose 49 = 3*z + 5*f, i*z + f - 17 = z. Calculate the highest common divisor of z and 126.
18
Let f(i) = -i**3 + 6*i**2 - i - 18. Let l be f(4). What is the highest common factor of l and 116?
2
Suppose -152*t + 784 = -150*t. Calculate the greatest common divisor of t and 98.
98
Let j(k) = 8*k + 16. Let t be j(8). Calculate the highest common divisor of t and 10.
10
Suppose -1344 = 10*w - 16*w. Calculate the greatest common factor of w and 14.
14
Let r(w) = 137*w - 1230. Let t be r(9). Let a be (6 + -2)*62/8. Let u = a - 7. Calculate the highest common divisor of u and t.
3
Let i = 2286 - 1305. Calculate the highest common factor of 109 and i.
109
Suppose -39 = -a - 2*a. Let y = -32 + 71. What is the highest common factor of y and a?
13
Let j(g) = g + 2*g**3 - 3*g**2 - 1 + 11*g**2 - 12*g**2. Let q be j(3). Calculate the highest common factor of q and 20.
20
Let x(c) = -8*c**3 - c**2 - 4*c - 7. Let f be x(-2). What is the highest common divisor of 549 and f?
61
Let u = 0 + -55. Let f = -7 - u. Calculate the greatest common divisor of f and 32.
16
Let o(g) = -511*g - 3. Let a be o(-1). Suppose -a = -2*q - 132. What is the greatest common factor of q and 47?
47
Suppose 0 = 4*v - 2 - 14. Suppose -3*u + v = -5*x, -4*x - 3*u + 10 = -3*x. Calculate the greatest common divisor of 5 and x.
1
Let z = -212 - -278. Calculate the highest common factor of 44 and z.
22
Suppose -1083 = -3*s + 2*g, 3*s + 0*g - g = 1086. Suppose -4*c - i + 0*i + s = 0, 4*i + 368 = 4*c. Calculate the greatest common divisor of c and 13.
13
Suppose -19*m + 15*m + 152 = 0. Let a be ((1 - 2)*38)/(-2). What is the highest common divisor of m and a?
19
Let y(q) = q**3 - 17*q**2 + 3*q - 11. Let t be y(17). Suppose 9 + t = 7*n. Let v = 67 + -39. What is the highest common factor of v and n?
7
Suppose -o = 13 - 33. Let k = o + -8. Calculate the greatest common divisor of k and 18.
6
Suppose 30 = 5*a - 5*h, 0 = -3*a - 0*h - 4*h + 11. Let j be (-1 - a/(-7))*-77. What is the highest common divisor of 2 and j?
2
Suppose 0 = -14*z + 25*z - 22. Let i be (-14)/(-21) - (-128)/6. Calculate the highest common divisor of z and i.
2
Let d(y) = 15*y**2 + 2*y + 2. Let x be d(-2). Suppose 25*u - 31*u + 870 = 0. What is the highest common divisor of u and x?
29
Let v = -609 - -613. Calculate the greatest common factor of v and 50.
2
Suppose 2 = 2*o - o. Suppose 2*t + o*t = 32. Suppose t*k + 10 = 9*k. What is the highest common divisor of 30 and k?
10
Let j(a) = 2*a - 17. Let l be j(13). Let v be 11 + (-3)/(12/8). Calculate the grea